8 - 5 = 0. Calculate the remainder when w is divided by 22.
18
Suppose 2*u - t = -3*u + 203, -2*u + 3*t = -89. Calculate the remainder when u is divided by 14.
12
Suppose 0 = 5*l - 16 - 14. What is the remainder when 17 is divided by l?
5
Let j = -21 + 44. Suppose -2 = -5*v + j. What is the remainder when 17 is divided by v?
2
Suppose 0 = 4*n - n - 3*v - 18, -5*n + 65 = 2*v. Calculate the remainder when 34 is divided by n.
1
Let g = 43 + -28. Calculate the remainder when 53 is divided by 2/1 - (3 - g).
11
Suppose -u = u, -f = -3*u - 34. Suppose 4*r - 3*r - 12 = 0. Calculate the remainder when f is divided by r.
10
Let q(s) = s**3 + 4*s**2 - s - 2. What is the remainder when 2 is divided by q(-4)?
0
Let h(j) = -4*j**2 + 5*j + 5. Let f(q) = 5*q**2 - 5*q - 5. Let m(p) = 5*f(p) + 6*h(p). Calculate the remainder when 13 is divided by m(-5).
3
Let r be -1 + -6*1/(-1). Suppose -r - 7 = -h. Let s(q) = 2*q**2 - 3*q + 2. What is the remainder when s(4) is divided by h?
10
Suppose 6*n = n - 4*s + 753, -4*s - 141 = -n. Calculate the remainder when n is divided by 19.
16
Suppose m = 4*m - 81. What is the remainder when 52 is divided by m?
25
Calculate the remainder when (62/5)/((-3)/(-15)) is divided by 13.
10
Let i(f) = 3*f**2 + 5*f - 2. Suppose 37 = 5*n - 2*w, 4*n - 3*w - 20 = 4. Calculate the remainder when i(-4) is divided by n.
8
Let g(f) = 2*f - 7. Let x = -23 + 10. Let l = x + 21. What is the remainder when g(l) is divided by 5?
4
Let h be 15 - (2 + 0)*1. Suppose 4*b - h = -5. Suppose -6*g = -b*g - 172. What is the remainder when g is divided by 15?
13
Let l(v) = v + 8. Let i be l(-8). What is the remainder when 8 is divided by -1 - -1*(4 + i)?
2
Suppose -c = -q + 2*q - 28, -3*c - 2*q + 83 = 0. What is the remainder when c is divided by 7?
6
Suppose 0 = 3*z - 5 + 11, -5*z - 37 = -g. Suppose 5*k - v + 14 - 67 = 0, 13 = k - v. Calculate the remainder when g is divided by k.
7
Suppose 2*o = 55 + 9. What is the remainder when 62 is divided by o?
30
Let j = -78 + 90. Calculate the remainder when 19 is divided by j.
7
Let t(f) be the second derivative of -f**5/10 + f**4/6 - f**3/3 - f**2 + 3*f. What is the remainder when t(-2) is divided by 7?
5
Let z(k) = k + 7. Calculate the remainder when 57 is divided by z(13).
17
Suppose 5*g + 65 = 5*z, 0*z - 2*z + 3*g + 31 = 0. What is the remainder when 14 is divided by z?
6
Let k(r) = -r**2 + 8*r - 8. Let w be k(10). Let j be (-2)/4*2 + -13. Let o = j - w. What is the remainder when 26 is divided by o?
12
Let y(o) = -o**2 - o + 43. Let c be y(0). Let u = c + -5. Let g = 2 - -11. What is the remainder when u is divided by g?
12
Let n(r) = r**3 + 4*r**2 - 3*r + 4. Let c be (-1)/2 + 10/4. Suppose -12 = m + c*m. Calculate the remainder when n(m) is divided by 6.
4
Suppose -t = -5*t - 20, -5*h - 4*t = 5. Suppose -2*f = h*f - 10. What is the remainder when 2 is divided by f?
0
Let i(s) = -2*s**2 + 5*s + 7. Let q be i(5). What is the remainder when 11 is divided by 2*3/q*-18?
5
Suppose -4*h - p = -11, -3*p - 21 - 14 = -5*h. Calculate the remainder when 9 is divided by h.
1
Let h(d) = 2*d + 30. Calculate the remainder when h(-10) is divided by 3.
1
Let f = -27 + 56. Calculate the remainder when f is divided by 10.
9
Let j be (4 - 6)/(3/(-6)). Suppose 33 = -n + j*n. Suppose -80 = -5*w - 4*k, 2*w + 2*k + 3*k = 15. What is the remainder when w is divided by n?
9
What is the remainder when 56 is divided by 27 - 5 - 0 - 0?
12
Suppose 0 = -2*h + 4*o + 40, o = -8*h + 3*h + 45. Let l(u) = -3*u + 7. What is the remainder when l(-7) is divided by h?
8
Let j(q) = q + 10. Suppose -t + 2*o - 11 = -o, 0 = t - 4*o + 16. Calculate the remainder when t is divided by j(-7).
1
Calculate the remainder when 81 is divided by 170/8 + (-8)/32.
18
Let b = -62 - -93. What is the remainder when b is divided by 8?
7
Suppose -5*p + 135 + 445 = 0. Suppose 0 = -5*g + 3*y + 300 - p, 0 = g - 4*y - 30. What is the remainder when g is divided by 13?
12
Suppose -21*x + 8 = -20*x. Let i = -45 + 28. Let l = 5 - i. Calculate the remainder when l is divided by x.
6
Let m(k) = 2*k - 1. Let l(a) = -2*a. Let t(f) = -4*l(f) - 2*m(f). Let b = -21 + 24. What is the remainder when t(b) is divided by 5?
4
Let c(g) = -2 + 5*g - g + 0*g. What is the remainder when c(9) is divided by 18?
16
Let v be (-12)/(-9) - 1/3. What is the remainder when 5 is divided by (-3)/(-3) - v*-3?
1
Let g = 27 - 7. What is the remainder when g is divided by 7?
6
Suppose 3*r - 39 = -12. What is the remainder when 25 is divided by r?
7
Suppose 3*i - 2*a - 42 = 0, 2*a = -i + a + 14. What is the remainder when i is divided by 3?
2
Let c(a) = 0*a**2 - 3*a + 3 + 2*a**3 - 4*a**2 - a**3. Calculate the remainder when 24 is divided by c(5).
11
Suppose -33 = 4*n - 7*n. Suppose 3*t = i - 36, -5*i + t + n + 127 = 0. Calculate the remainder when i is divided by 7.
6
Suppose -3*h + b + 1 = -b, -3*h + 25 = 4*b. Calculate the remainder when 3 is divided by h.
0
Suppose -3*w + 25 = -8*w. Let v = 8 + w. What is the remainder when v is divided by 2?
1
Let j be -1 + (-5 + 4)*-7. Suppose -j = x + x, -309 = -5*m + 3*x. What is the remainder when m is divided by 21?
18
Suppose -6*k + k - 17 = -3*b, 0 = -k - 1. Suppose -2*f + 1 = -7, b*i - 32 = 3*f. What is the remainder when i is divided by 6?
5
Let s = 9 + -3. Let t(q) be the first derivative of q**2 + 3*q + 2. Calculate the remainder when 44 is divided by t(s).
14
Suppose 4*g = 2*g + 6, -4*m + 2*g + 310 = 0. Let s = -34 + m. What is the remainder when s is divided by 23 + 1 + -2 + 1?
22
Let c = -4 + 10. What is the remainder when c is divided by 2/5 - (-162)/45?
2
Calculate the remainder when (279/(-12))/((-9)/24) is divided by 16.
14
Let h(i) = i**2 - 5*i + 6. Let v = -9 - -9. Suppose -2*w + v = -4. Calculate the remainder when w is divided by h(4).
0
Suppose 4*w - 30 = w + 2*q, -q - 33 = -3*w. Suppose 0 = -9*z + 5*z + 184. Suppose z = -a + 3*a. Calculate the remainder when a is divided by w.
11
Let t(u) = u + 8. What is the remainder when 30 - ((-8)/6)/((-2)/3) is divided by t(7)?
13
Suppose 0 = -5*f + 4*f - 1. Let w = 12 + -8. Calculate the remainder when 5*(f + 11/5) is divided by w.
2
Let v(m) be the first derivative of -m**2 - 5*m - 4. What is the remainder when v(-11) is divided by 6?
5
Suppose -5*u + 0*u + 605 = 0. What is the remainder when u is divided by 32?
25
Suppose -5*v = 5*h - v - 176, -75 = -2*h + 3*v. What is the remainder when h is divided by 10?
6
Suppose 6*j - 3*j - y - 77 = 0, 0 = -3*y + 12. Calculate the remainder when j is divided by 15.
12
Let f(r) = 7*r + 1. Let z be f(3). Let y = -16 + z. Calculate the remainder when 25/(-2*(-3)/y) is divided by 14.
11
Let n(z) = -z**3 + 2*z**2 - 1. What is the remainder when 7 is divided by n(-1)?
1
Let g = 81 - 39. Calculate the remainder when g is divided by 22.
20
Let b be (36/(-21))/(2/(-14)). Suppose b = -m + 4*m. Calculate the remainder when 10 is divided by m.
2
Calculate the remainder when 2*(129/(-2))/(-3) is divided by 11.
10
Let k = -2 + 3. Let h(u) = -u - 11. Let r be h(-10). Let m = k - r. What is the remainder when m is divided by 2?
0
Let s(f) = -f**3 - f**2 + 23. What is the remainder when s(0) is divided by 8?
7
Let a(d) = 2*d + 2. Let b be a(6). Suppose -3*h + b + 4 = 0. Calculate the remainder when 11 is divided by h.
5
Let g = 11 - -4. Suppose 0*h = 3*v - 2*h - 220, -h - 5 = 0. Suppose -v = -5*t + 75. What is the remainder when t is divided by g?
14
Let t = -27 - -45. Let q(v) = 24*v - 62. What is the remainder when t is divided by q(3)?
8
Let b(f) = -2*f**3 + 2*f**2 + 2*f - 5. Calculate the remainder when 58 is divided by b(-2).
13
Suppose u = -l + 44, -3*u = -l + 5*l - 178. Suppose -5*d + 2*h + l = -0*h, 0 = 3*d + h - 32. Calculate the remainder when 37 is divided by d.
7
Suppose 4*n + 232 = 4*h, 3*h + 290 = 8*h - 2*n. Calculate the remainder when h is divided by 21.
16
Let x = -5 - -5. Suppose 4*i - 44 = 20. Calculate the remainder when 47 - x - 0/1 is divided by i.
15
Calculate the remainder when ((-248)/(-24))/((-1)/(-3)) is divided by 16.
15
Let l(h) = h**2 - 7*h + 6. Let d be l(8). Let s = d + -5. What is the remainder when s is divided by 5?
4
What is the remainder when 48 is divided by (3 + (-2)/1)*(18 - 1)?
14
Let k(y) = 2*y**2 - 2*y + 1. Let m be -2 + -2 + 5 - -3. Sup